/h)/(2/5) + 3. Suppose -9*m + 32 + 22 = x. Calculate the greatest common divisor of 42 and m.
6
Let d = 3 + -2. Let b be 129 + -3 - 0/d. Let p = 40545 + -40527. What is the greatest common divisor of p and b?
18
Suppose 0 = -3*q + 3*j + 18, -q - 2*q + 18 = j. Let x be 15/(-6) + 2 - (-411)/q. Calculate the highest common factor of x and 85.
17
Suppose 1 = -3*r + 13. Suppose -3*q = 3, -g - r*q = q - 41. Let h be 92*(78/(-24) - -4). Calculate the greatest common factor of h and g.
23
Let m be ((-390)/9)/((-68)/612). Calculate the greatest common divisor of m and 468.
78
Let l(h) = -2*h**2 + 78*h - 675. Let s be l(15). What is the highest common divisor of 90 and s?
45
Suppose 9 - 41 = -2*s. Let z be (-2)/9*(-21)/14*12. What is the highest common factor of z and s?
4
Let j(h) = 62*h**2 - 89*h + 760. Let c be j(10). Calculate the highest common divisor of 40 and c.
10
Suppose -58*p + 41*p + 50439 = 0. Calculate the highest common factor of p and 516.
129
Let c be (12/(-16))/((-1)/4). Let p be (-9 + 8)/(4/((-1932)/c)). Calculate the greatest common factor of 115 and p.
23
Suppose -19*z - 5*w = -17*z - 28, 0 = -2*z + 3*w + 92. Calculate the highest common factor of z and 17663.
17
Suppose -t - 7 = 32. Let b be t/(-4)*(-124)/(-93). Calculate the greatest common divisor of b and 26.
13
Suppose -15*k + 20*k + 100 = 0. Let z = k + 60. Suppose -r - 2*w = -0*w - z, -5*r + 244 = -w. What is the greatest common divisor of r and 72?
24
Let m = -140 + 163. Suppose -5*h = -5*l + 6*l - m, 5*l + 3*h = 225. What is the highest common divisor of l and 96?
48
Let n be (2 + -1)*(-4890)/75*110/(-44). What is the greatest common divisor of 7 and n?
1
Let t(u) = -5*u + 202. Let o(m) = -7*m + 109. Let j be o(11). Let g be t(j). Calculate the highest common divisor of 210 and g.
42
Let c = -177 + 245. Suppose -5*x = -3*x + 4*i - 552, -2*x + 5*i + 534 = 0. Calculate the greatest common divisor of c and x.
68
Let y = 11641 + -10992. Calculate the greatest common factor of 236 and y.
59
Let x(q) = q**3 + 15*q**2 - 61*q - 8. Let a be x(4). Calculate the highest common divisor of a and 4316.
52
Let b = -650 + 855. What is the highest common divisor of 25 and b?
5
Let q(j) = -2*j**2 - 11*j - 17. Let p(z) = 9*z + 10. Let c be p(-2). Let u be q(c). Let x = u + 69. Calculate the greatest common divisor of x and 12.
12
Let r be 4/(-10) - 422/(-5). Let p be (0 - 1 - -37)*(180/(-810))/(2/(-6)). What is the highest common divisor of p and r?
12
Let g(i) = -i**3 - 12*i**2 - 9*i + 15. Suppose 0 = -10*t + 6*t - 52. Let l be g(t). What is the greatest common factor of 129 and l?
43
Let i be 4/94 - 4692/(-2397). Calculate the highest common divisor of i and 38.
2
Suppose 3*d + 21 = n - d, 6 = 2*n + d. Suppose 3*i = j + 86, 3*j + 206 + 56 = n*i. Let m = j + 98. What is the highest common factor of 9 and m?
9
Suppose 0 = i + 3, -178*n = -175*n - 3*i - 573. Calculate the greatest common factor of 3901 and n.
47
Suppose h - 3*w = 50, 3*h - 25*w - 186 = -28*w. Calculate the greatest common factor of 17287 and h.
59
Let u(v) = 20*v**2 - 3*v - 108. Let x be u(-7). What is the greatest common divisor of 235 and x?
47
Suppose -46*q + 27*q - 18*q + 629 = 0. Suppose -b + 44 = -2*m - 98, 12 = -4*m. Calculate the highest common factor of q and b.
17
Suppose y + 5*x - 5486 = 0, 2*y - 2*x + 256 = 11288. What is the greatest common factor of 264 and y?
33
Let z(n) = 263*n + 4084. Let k be z(6). What is the highest common divisor of k and 38?
38
Suppose -3*n - 3*q + 4047 = 0, 6753 = 5*n + q + 3*q. Calculate the highest common divisor of 115 and n.
23
Let q = 4130 - 4090. Calculate the highest common divisor of 2760 and q.
40
Suppose w = v - 127 - 33, 310 = -2*w + 4*v. Let s = 182 + w. What is the highest common divisor of 221 and s?
17
Let q = 38 - 42. Let y be -3 - -6 - q*1. Suppose 0 = -6*a + y + 5. What is the greatest common factor of 8 and a?
2
Suppose -7*b + 12 = -3*b. Let v(s) = s**2 - 13*s + 30. Let z be 324/24 + 6/(-4). Let k be v(z). What is the highest common divisor of b and k?
3
Let t = 5045 - 4990. Suppose 2 = -0*g + 4*g - 2*a, g + 3*a = 11. Calculate the greatest common divisor of g and t.
1
Let h be (-118)/(-4) + (-2)/(-4). Let p = -15938 + 16088. Calculate the greatest common factor of p and h.
30
Suppose 4*j - p - 414 = p, p - 411 = -4*j. Suppose -4*b - 2*r + 450 = 0, -3*r = -2*b + 118 + j. What is the greatest common factor of 7 and b?
7
Let j(r) = r**3 - 4*r**2 - 34*r - 91. Let d be j(9). What is the greatest common divisor of d and 6856?
8
Let z = -35 + 39. Suppose -u = 2*u + 15, z*u - 86 = -m. Suppose c + 2*k = m, -3*c + k - 103 = -4*c. What is the greatest common factor of c and 20?
20
Let h = -3546 - -5145. Calculate the greatest common divisor of 738 and h.
123
Let y = -6776 - -6916. Calculate the highest common factor of 1610 and y.
70
Suppose -32*l - 21713 + 22155 = -6*l. Calculate the greatest common divisor of l and 32521.
17
Let z = -1216 + 3187. Calculate the highest common divisor of 73 and z.
73
Suppose 4*l = -4*y + 316, -5*l = -4*y - y + 445. Let a = y + -86. Let m be (1*32)/((-3)/a - 1). What is the highest common divisor of m and 96?
32
Let f be 1260/(-882) + 1476/14. Calculate the greatest common factor of 1326 and f.
26
Let v = 827 + -823. Suppose 0*a - a + v*q + 32 = 0, -5*a = -4*q - 224. Calculate the greatest common divisor of 9 and a.
3
Let n be 9595 + -37 + 24 + -1. What is the greatest common divisor of n and 130?
13
Suppose 18*n = 473 + 297 + 382. Calculate the greatest common divisor of n and 3488.
32
Let z(j) = -3*j**2 + 317*j + 430. Let a be z(103). Calculate the highest common divisor of a and 437.
19
Suppose 3*i - 3*a - 669 = -6*a, 3*a = i - 231. Let h = 231 - i. Calculate the greatest common factor of h and 21.
3
Let o(w) = w + 100. Let v be o(0). Let b(g) = -155*g - 1370. Let c be b(-9). What is the greatest common factor of c and v?
25
Suppose 111*d = 90*d + 42. Let n be (91 + d)*(-92)/(-69). Calculate the highest common factor of 434 and n.
62
Suppose 6079 = -25*h + 7404. What is the highest common factor of h and 10547?
53
Let s(o) = 204*o**2 - 46*o - 15. Let q be s(-21). Let r be (4/5)/(114/q). What is the greatest common divisor of 22 and r?
22
Let h(l) = 314*l - 227. Let b be h(1). Suppose -4*o - 298 = -2*s, 2*o - 147 = -s + 3*o. Calculate the highest common factor of b and s.
29
Let x = 17 + 3. Suppose 29 = -14*q + 85. Suppose q*j + 4*u - 320 = 0, 4*j = -5*u + 443 - 123. Calculate the greatest common divisor of x and j.
20
Let g be -63*5/(-9)*246/205. Calculate the highest common factor of 952 and g.
14
Suppose 2*w + 4*k - 12 - 64 = 0, 0 = -4*w + 5*k + 100. Suppose h + w = -3*h + d, 5*d - 10 = 0. Let u = h + 14. Calculate the highest common factor of 63 and u.
7
Let o(l) = 11*l + 23*l**3 + 8*l**3 - 29*l**3 + 0*l**3 - 8*l**2 - 14. Let y be o(5). What is the greatest common divisor of 21 and y?
7
Let y be 63/(-9)*(-24)/56. Suppose -4*i - 560 = -y*o, -20*o + 192 = -19*o + 4*i. What is the greatest common factor of 470 and o?
94
Let h be (5 - -11) + -12 + 1582. Calculate the greatest common divisor of h and 26.
26
Suppose 4*n + 2120 = 4*s, -s + 3*n + 267 + 267 = 0. Let j be (12/(-15))/(12/(-720)). What is the highest common factor of s and j?
48
Suppose 7*p = -8*p + 720. Suppose 43*y - 40*y - p = 0. Calculate the greatest common factor of 720 and y.
16
Suppose 82*n + 103*n = 6845. What is the greatest common factor of 7 and n?
1
Suppose -3*u - 5*i + 705 = 0, -232*i + 472 = 2*u - 228*i. Calculate the highest common factor of u and 13685.
115
Suppose -4992*v = -4981*v - 6776. Calculate the greatest common divisor of v and 56.
56
Let w be 8858/(-10) - (11 + 648/(-60)). Let u = w - -1030. What is the highest common factor of u and 18?
18
Let b be 398/6 + 1/(-3). Let a = 175 - 171. Suppose 3*y + 19*i - 23*i - 13 = 0, -a*y - i = -11. Calculate the greatest common divisor of b and y.
3
Suppose -3*i + 796 = 3*r + 217, -390 = -2*i - 3*r. Let f(s) = -s**2 + 13*s - 4. Let l be f(5). Calculate the highest common factor of i and l.
9
Let p(v) = -44*v - 71. Let a be p(-5). Calculate the greatest common factor of a and 3427.
149
Let h(m) = -5*m**3 - m**2 + m + 3. Suppose -4*w + a = 9, -5*w + 2*a + 9 - 24 = 0. Let f be h(w). Calculate the highest common factor of